{"id":205,"date":"2024-07-10T15:18:57","date_gmt":"2024-07-10T20:18:57","guid":{"rendered":"https:\/\/jrcompusolutionshosting.com\/chalet\/?page_id=205"},"modified":"2024-07-26T13:33:44","modified_gmt":"2024-07-26T18:33:44","slug":"main","status":"publish","type":"page","link":"https:\/\/jrcompusolutionshosting.com\/chalet\/","title":{"rendered":"Main"},"content":{"rendered":"\t\t<div data-elementor-type=\"wp-page\" data-elementor-id=\"205\" class=\"elementor elementor-205\">\n\t\t\t\t<div class=\"elementor-element elementor-element-858ae63 e-con-full e-flex e-con e-parent\" data-id=\"858ae63\" data-element_type=\"container\">\n\t\t\t\t<div class=\"elementor-element elementor-element-4b94ae7 elementor-widget elementor-widget-wp-widget-media_video\" data-id=\"4b94ae7\" data-element_type=\"widget\" data-widget_type=\"wp-widget-media_video.default\">\n\t\t\t\t<div class=\"elementor-widget-container\">\n\t\t\t\t\t<div style=\"width:100%;\" class=\"wp-video\"><video class=\"wp-video-shortcode\" id=\"video-205-1\" preload=\"metadata\" controls=\"controls\"><source type=\"video\/mp4\" src=\"https:\/\/jrcompusolutionshosting.com\/chalet\/wp-content\/uploads\/2024\/07\/mainHDsd5.mp4?_=1\" \/><source type=\"video\/mp4\" src=\"https:\/\/jrcompusolutionshosting.com\/chalet\/wp-content\/uploads\/2024\/07\/mainHDsd5.mp4?_=1\" \/><a href=\"https:\/\/jrcompusolutionshosting.com\/chalet\/wp-content\/uploads\/2024\/07\/mainHDsd5.mp4\">https:\/\/jrcompusolutionshosting.com\/chalet\/wp-content\/uploads\/2024\/07\/mainHDsd5.mp4<\/a><\/video><\/div>\t\t\t\t<\/div>\n\t\t\t\t<\/div>\n\t\t\t\t<\/div>\n\t\t<section class=\"elementor-element elementor-element-cad4281 e-con-full e-flex e-con e-parent\" data-id=\"cad4281\" data-element_type=\"container\" data-settings=\"{&quot;background_background&quot;:&quot;gradient&quot;}\">\n\t\t\t\t<div class=\"elementor-element elementor-element-b893fe9 elementor-widget elementor-widget-menu-anchor\" data-id=\"b893fe9\" data-element_type=\"widget\" data-widget_type=\"menu-anchor.default\">\n\t\t\t\t<div class=\"elementor-widget-container\">\n\t\t\t\t\t\t\t<div class=\"elementor-menu-anchor\" id=\"chalets\"><\/div>\n\t\t\t\t\t\t<\/div>\n\t\t\t\t<\/div>\n\t\t<a class=\"elementor-element elementor-element-342551d e-con-full e-flex e-con e-child\" data-id=\"342551d\" data-element_type=\"container\" data-settings=\"{&quot;background_background&quot;:&quot;classic&quot;}\" href=\"https:\/\/jrcompusolutionshosting.com\/chalet\/hermite\/\">\n\t\t\t\t<div class=\"elementor-element elementor-element-b4c53f7 elementor-widget elementor-widget-image\" data-id=\"b4c53f7\" data-element_type=\"widget\" data-widget_type=\"image.default\">\n\t\t\t\t<div class=\"elementor-widget-container\">\n\t\t\t\t\t\t\t\t\t\t\t\t\t\t\t<img fetchpriority=\"high\" decoding=\"async\" width=\"889\" height=\"500\" src=\"https:\/\/jrcompusolutionshosting.com\/chalet\/wp-content\/uploads\/2024\/07\/hermite.jpg\" class=\"attachment-large size-large wp-image-212\" alt=\"\" srcset=\"https:\/\/jrcompusolutionshosting.com\/chalet\/wp-content\/uploads\/2024\/07\/hermite.jpg 889w, https:\/\/jrcompusolutionshosting.com\/chalet\/wp-content\/uploads\/2024\/07\/hermite-300x169.jpg 300w, https:\/\/jrcompusolutionshosting.com\/chalet\/wp-content\/uploads\/2024\/07\/hermite-768x432.jpg 768w, https:\/\/jrcompusolutionshosting.com\/chalet\/wp-content\/uploads\/2024\/07\/hermite-600x337.jpg 600w\" sizes=\"(max-width: 889px) 100vw, 889px\" \/>\t\t\t\t\t\t\t\t\t\t\t\t\t\t\t<\/div>\n\t\t\t\t<\/div>\n\t\t\t\t<div class=\"elementor-element elementor-element-2e21429 elementor-widget__width-inherit elementor-widget elementor-widget-heading\" data-id=\"2e21429\" data-element_type=\"widget\" data-widget_type=\"heading.default\">\n\t\t\t\t<div class=\"elementor-widget-container\">\n\t\t\t\t\t<h2 class=\"elementor-heading-title elementor-size-default\">L'Hermite<\/h2>\t\t\t\t<\/div>\n\t\t\t\t<\/div>\n\t\t\t\t<\/a>\n\t\t<a class=\"elementor-element elementor-element-2355463 e-con-full e-flex e-con e-child\" data-id=\"2355463\" data-element_type=\"container\" data-settings=\"{&quot;background_background&quot;:&quot;classic&quot;}\" href=\"https:\/\/jrcompusolutionshosting.com\/chalet\/campagnard\/\">\n\t\t\t\t<div class=\"elementor-element elementor-element-093929b elementor-widget elementor-widget-image\" data-id=\"093929b\" data-element_type=\"widget\" data-widget_type=\"image.default\">\n\t\t\t\t<div class=\"elementor-widget-container\">\n\t\t\t\t\t\t\t\t\t\t\t\t\t\t\t<img decoding=\"async\" width=\"889\" height=\"500\" src=\"https:\/\/jrcompusolutionshosting.com\/chalet\/wp-content\/uploads\/2024\/07\/campagnard.jpg\" class=\"attachment-large size-large wp-image-213\" alt=\"\" srcset=\"https:\/\/jrcompusolutionshosting.com\/chalet\/wp-content\/uploads\/2024\/07\/campagnard.jpg 889w, https:\/\/jrcompusolutionshosting.com\/chalet\/wp-content\/uploads\/2024\/07\/campagnard-300x169.jpg 300w, https:\/\/jrcompusolutionshosting.com\/chalet\/wp-content\/uploads\/2024\/07\/campagnard-768x432.jpg 768w, https:\/\/jrcompusolutionshosting.com\/chalet\/wp-content\/uploads\/2024\/07\/campagnard-600x337.jpg 600w\" sizes=\"(max-width: 889px) 100vw, 889px\" \/>\t\t\t\t\t\t\t\t\t\t\t\t\t\t\t<\/div>\n\t\t\t\t<\/div>\n\t\t\t\t<div class=\"elementor-element elementor-element-ca1c03c elementor-widget__width-inherit elementor-widget elementor-widget-heading\" data-id=\"ca1c03c\" data-element_type=\"widget\" data-widget_type=\"heading.default\">\n\t\t\t\t<div class=\"elementor-widget-container\">\n\t\t\t\t\t<h2 class=\"elementor-heading-title elementor-size-default\">Le Campagnard<\/h2>\t\t\t\t<\/div>\n\t\t\t\t<\/div>\n\t\t\t\t<\/a>\n\t\t<a class=\"elementor-element elementor-element-f8583b4 e-con-full e-flex e-con e-child\" data-id=\"f8583b4\" data-element_type=\"container\" data-settings=\"{&quot;background_background&quot;:&quot;classic&quot;}\" href=\"https:\/\/jrcompusolutionshosting.com\/chalet\/sapiniere\/\">\n\t\t\t\t<div class=\"elementor-element elementor-element-10e1ca6 elementor-widget elementor-widget-image\" data-id=\"10e1ca6\" data-element_type=\"widget\" data-widget_type=\"image.default\">\n\t\t\t\t<div class=\"elementor-widget-container\">\n\t\t\t\t\t\t\t\t\t\t\t\t\t\t\t<img decoding=\"async\" width=\"889\" height=\"500\" src=\"https:\/\/jrcompusolutionshosting.com\/chalet\/wp-content\/uploads\/2024\/07\/sapiniere.jpg\" class=\"attachment-large size-large wp-image-214\" alt=\"\" srcset=\"https:\/\/jrcompusolutionshosting.com\/chalet\/wp-content\/uploads\/2024\/07\/sapiniere.jpg 889w, https:\/\/jrcompusolutionshosting.com\/chalet\/wp-content\/uploads\/2024\/07\/sapiniere-300x169.jpg 300w, https:\/\/jrcompusolutionshosting.com\/chalet\/wp-content\/uploads\/2024\/07\/sapiniere-768x432.jpg 768w, https:\/\/jrcompusolutionshosting.com\/chalet\/wp-content\/uploads\/2024\/07\/sapiniere-600x337.jpg 600w\" sizes=\"(max-width: 889px) 100vw, 889px\" \/>\t\t\t\t\t\t\t\t\t\t\t\t\t\t\t<\/div>\n\t\t\t\t<\/div>\n\t\t\t\t<div class=\"elementor-element elementor-element-ba310aa elementor-widget__width-inherit elementor-widget elementor-widget-heading\" data-id=\"ba310aa\" data-element_type=\"widget\" data-widget_type=\"heading.default\">\n\t\t\t\t<div class=\"elementor-widget-container\">\n\t\t\t\t\t<h2 class=\"elementor-heading-title elementor-size-default\">Le Sapini\u00e8re<\/h2>\t\t\t\t<\/div>\n\t\t\t\t<\/div>\n\t\t\t\t<\/a>\n\t\t<a class=\"elementor-element elementor-element-19b3b2c e-con-full e-flex e-con e-child\" data-id=\"19b3b2c\" data-element_type=\"container\" data-settings=\"{&quot;background_background&quot;:&quot;classic&quot;}\" href=\"https:\/\/jrcompusolutionshosting.com\/chalet\/montagnais\/\">\n\t\t\t\t<div class=\"elementor-element elementor-element-f6785c8 elementor-widget elementor-widget-image\" data-id=\"f6785c8\" data-element_type=\"widget\" data-widget_type=\"image.default\">\n\t\t\t\t<div class=\"elementor-widget-container\">\n\t\t\t\t\t\t\t\t\t\t\t\t\t\t\t<img loading=\"lazy\" decoding=\"async\" width=\"889\" height=\"500\" src=\"https:\/\/jrcompusolutionshosting.com\/chalet\/wp-content\/uploads\/2024\/07\/montagnais.jpg\" class=\"attachment-large size-large wp-image-215\" alt=\"\" srcset=\"https:\/\/jrcompusolutionshosting.com\/chalet\/wp-content\/uploads\/2024\/07\/montagnais.jpg 889w, https:\/\/jrcompusolutionshosting.com\/chalet\/wp-content\/uploads\/2024\/07\/montagnais-300x169.jpg 300w, https:\/\/jrcompusolutionshosting.com\/chalet\/wp-content\/uploads\/2024\/07\/montagnais-768x432.jpg 768w, https:\/\/jrcompusolutionshosting.com\/chalet\/wp-content\/uploads\/2024\/07\/montagnais-600x337.jpg 600w\" sizes=\"(max-width: 889px) 100vw, 889px\" \/>\t\t\t\t\t\t\t\t\t\t\t\t\t\t\t<\/div>\n\t\t\t\t<\/div>\n\t\t\t\t<div class=\"elementor-element elementor-element-4955034 elementor-widget__width-inherit elementor-widget elementor-widget-heading\" data-id=\"4955034\" data-element_type=\"widget\" data-widget_type=\"heading.default\">\n\t\t\t\t<div class=\"elementor-widget-container\">\n\t\t\t\t\t<h2 class=\"elementor-heading-title elementor-size-default\">Le Montagnais<\/h2>\t\t\t\t<\/div>\n\t\t\t\t<\/div>\n\t\t\t\t<\/a>\n\t\t\t\t<\/section>\n\t\t<div class=\"elementor-element elementor-element-7635d40 e-flex e-con-boxed e-con e-parent\" data-id=\"7635d40\" data-element_type=\"container\" data-settings=\"{&quot;background_background&quot;:&quot;classic&quot;}\">\n\t\t\t\t\t<div class=\"e-con-inner\">\n\t\t\t\t<div class=\"elementor-element elementor-element-803b12e elementor-widget elementor-widget-heading\" data-id=\"803b12e\" data-element_type=\"widget\" data-widget_type=\"heading.default\">\n\t\t\t\t<div class=\"elementor-widget-container\">\n\t\t\t\t\t<h2 class=\"elementor-heading-title elementor-size-default\">Nous vous offrons 4 magnifiques chalets champ\u00eatres dans un havre de paix<\/h2>\t\t\t\t<\/div>\n\t\t\t\t<\/div>\n\t\t\t\t<div class=\"elementor-element elementor-element-c15bcc6 elementor-widget__width-auto elementor-widget elementor-widget-text-editor\" data-id=\"c15bcc6\" data-element_type=\"widget\" data-widget_type=\"text-editor.default\">\n\t\t\t\t<div class=\"elementor-widget-container\">\n\t\t\t\t\t\t\t\t\t<p>Situ\u00e9 \u00e0 90 minutes de Montr\u00e9al et 2:00 hrs de la ville de Qu\u00e9bec en bordure de la rivi\u00e8re Mastigouche \u00e0 proximit\u00e9 de la R\u00e9serve Mastigouche et de la Zec des Nymphes.\u00a0 Mandeville offre une nature d&#8217;une grande beaut\u00e9 encore sauvage.<\/p><p>L&#8217;air pur des montagnes, l&#8217;observation de la faune dans son habitat assure un s\u00e9jour inoubliable.<br \/>Ayant toutes les commodit\u00e9s nos chalets permettent de se reposer dans un d\u00e9cor enchanteur.<\/p><p>La conception int\u00e9rieure typique d&#8217;autrefois de nos chalets en bois (murs et plafonds) vous charmerez lors de vos soir\u00e9es tranquilles \u00e0 table ou pr\u00e8s de po\u00eale \u00e0 bois.<\/p><p>Si vous \u00eates plus du type sportif, vous pouvez aussi pratiquer de nombreuses activit\u00e9s estivales ou hivernales, selon la saison, seul ou en famille.<\/p>\t\t\t\t\t\t\t\t<\/div>\n\t\t\t\t<\/div>\n\t\t\t\t\t<\/div>\n\t\t\t\t<\/div>\n\t\t\t\t<\/div>\n\t\t","protected":false},"excerpt":{"rendered":"<p>L&#8217;Hermite Le Campagnard Le Sapini\u00e8re Le Montagnais Nous vous offrons 4 magnifiques chalets champ\u00eatres dans un havre de paix Situ\u00e9 [&hellip;]<\/p>\n","protected":false},"author":1,"featured_media":0,"parent":0,"menu_order":0,"comment_status":"closed","ping_status":"closed","template":"","meta":{"inline_featured_image":false,"site-sidebar-layout":"no-sidebar","site-content-layout":"","ast-site-content-layout":"full-width-container","site-content-style":"default","site-sidebar-style":"default","ast-global-header-display":"","ast-banner-title-visibility":"","ast-main-header-display":"","ast-hfb-above-header-display":"","ast-hfb-below-header-display":"","ast-hfb-mobile-header-display":"","site-post-title":"disabled","ast-breadcrumbs-content":"","ast-featured-img":"disabled","footer-sml-layout":"","theme-transparent-header-meta":"","adv-header-id-meta":"","stick-header-meta":"","header-above-stick-meta":"","header-main-stick-meta":"","header-below-stick-meta":"","astra-migrate-meta-layouts":"default","ast-page-background-enabled":"default","ast-page-background-meta":{"desktop":{"background-color":"var(--ast-global-color-4)","background-image":"","background-repeat":"repeat","background-position":"center center","background-size":"auto","background-attachment":"scroll","background-type":"","background-media":"","overlay-type":"","overlay-color":"","overlay-opacity":"","overlay-gradient":""},"tablet":{"background-color":"","background-image":"","background-repeat":"repeat","background-position":"center center","background-size":"auto","background-attachment":"scroll","background-type":"","background-media":"","overlay-type":"","overlay-color":"","overlay-opacity":"","overlay-gradient":""},"mobile":{"background-color":"","background-image":"","background-repeat":"repeat","background-position":"center center","background-size":"auto","background-attachment":"scroll","background-type":"","background-media":"","overlay-type":"","overlay-color":"","overlay-opacity":"","overlay-gradient":""}},"ast-content-background-meta":{"desktop":{"background-color":"var(--ast-global-color-5)","background-image":"","background-repeat":"repeat","background-position":"center center","background-size":"auto","background-attachment":"scroll","background-type":"","background-media":"","overlay-type":"","overlay-color":"","overlay-opacity":"","overlay-gradient":""},"tablet":{"background-color":"var(--ast-global-color-5)","background-image":"","background-repeat":"repeat","background-position":"center center","background-size":"auto","background-attachment":"scroll","background-type":"","background-media":"","overlay-type":"","overlay-color":"","overlay-opacity":"","overlay-gradient":""},"mobile":{"background-color":"var(--ast-global-color-5)","background-image":"","background-repeat":"repeat","background-position":"center center","background-size":"auto","background-attachment":"scroll","background-type":"","background-media":"","overlay-type":"","overlay-color":"","overlay-opacity":"","overlay-gradient":""}},"footnotes":""},"class_list":["post-205","page","type-page","status-publish","hentry"],"_links":{"self":[{"href":"https:\/\/jrcompusolutionshosting.com\/chalet\/wp-json\/wp\/v2\/pages\/205","targetHints":{"allow":["GET"]}}],"collection":[{"href":"https:\/\/jrcompusolutionshosting.com\/chalet\/wp-json\/wp\/v2\/pages"}],"about":[{"href":"https:\/\/jrcompusolutionshosting.com\/chalet\/wp-json\/wp\/v2\/types\/page"}],"author":[{"embeddable":true,"href":"https:\/\/jrcompusolutionshosting.com\/chalet\/wp-json\/wp\/v2\/users\/1"}],"replies":[{"embeddable":true,"href":"https:\/\/jrcompusolutionshosting.com\/chalet\/wp-json\/wp\/v2\/comments?post=205"}],"version-history":[{"count":194,"href":"https:\/\/jrcompusolutionshosting.com\/chalet\/wp-json\/wp\/v2\/pages\/205\/revisions"}],"predecessor-version":[{"id":1327,"href":"https:\/\/jrcompusolutionshosting.com\/chalet\/wp-json\/wp\/v2\/pages\/205\/revisions\/1327"}],"wp:attachment":[{"href":"https:\/\/jrcompusolutionshosting.com\/chalet\/wp-json\/wp\/v2\/media?parent=205"}],"curies":[{"name":"wp","href":"https:\/\/api.w.org\/{rel}","templated":true}]}}